e highest common factor of 34 and i.
2
Suppose 5*j + 61 = 3*r + 33, 4*j = -2*r - 18. Calculate the highest common factor of r and 297.
1
Suppose 5*o = -3*s + 287, o - 60 = -0*o + 2*s. Suppose 0 = i + 3*z + 194 - 835, 0 = 5*z - 5. Calculate the highest common factor of i and o.
58
Let i(q) = -123*q**3 + 4*q**2 - 4*q - 7. Let m be i(-1). Calculate the greatest common factor of m and 68.
4
Let l = 81 + 67. Suppose 0 = w - 145 - l. Suppose 3*b + 5 = w. What is the greatest common divisor of 12 and b?
12
Let i = -21 - -24. Suppose -18 = -3*q - 9. Suppose -2*w - i*w = -q*h + 26, 2*h - 4*w = 16. Calculate the greatest common factor of h and 132.
12
Let f be (1485/275)/((27/1590)/3). Calculate the highest common factor of f and 234.
18
Let y = 8 + -12. Let c be (-12)/(-15)*10/y. Let w be (-1012)/69*21/c. Calculate the greatest common factor of w and 22.
22
Let m = 4731 - 3936. What is the highest common factor of 159 and m?
159
Suppose m - 41 + 28 = 0. Suppose 3*o = 4*u - u - 1263, 0 = -2*u - o + 830. Suppose -144 = 3*t - u. Calculate the greatest common divisor of m and t.
13
Suppose 16 = -2*l - h + 110, 3*l + 2*h = 140. Let b be l/5 - 4/(-10). What is the highest common divisor of 20 and b?
10
Let v = 51 + -49. Suppose 4*f - 352 = -4*c + f, -3*c + 247 = -v*f. What is the highest common factor of c and 5?
5
Let c(k) = 43*k**2 - 3*k + 2. Let p be c(7). Suppose -5*n = 5*z - p + 538, -n = -4. Calculate the highest common factor of z and 34.
34
Let x(o) = 2*o + 27. Let y be x(19). Let a = -5501 + 5514. Calculate the highest common factor of a and y.
13
Suppose -328 - 15688 = -308*r. Suppose -21 = -w - k + 7, 5*w - 126 = 2*k. What is the highest common divisor of r and w?
26
Suppose 319 = -5*v - 4*a + 748, 5*a = -3*v + 260. Suppose 4*j + 12 = 8*j + 2*z, -2*j + 2*z = -18. What is the greatest common divisor of v and j?
5
Let q(s) = -4*s. Let f be q(-6). Let i be 29 - (f/6 + 1). What is the highest common factor of 156 and i?
12
Let h(o) = -1470*o - 20. Let d be h(4). Let q be d/70 + 2/7. Let s = 100 + q. What is the highest common factor of 32 and s?
16
Let v(a) = -22*a + 95. Let o be v(-13). Calculate the highest common factor of 9 and o.
3
Let n be 2*(-2 - (-1 - 1196)). Calculate the highest common divisor of n and 10.
10
Let d = -1715 - -1799. Let x(s) = s**3 - 6*s**2 + 4*s - 5. Let t be x(5). Let i be (-142)/t - 2/10. Calculate the greatest common factor of i and d.
14
Suppose 5*p - 4*b = 432, 3*p - 12*b = -17*b + 274. Calculate the highest common divisor of 12892 and p.
44
Let o be 1120/17 - (15 + (-2827)/187). Suppose 0 = 5*x - y - 107, 29 = 3*x + 4*y - 49. What is the greatest common divisor of x and o?
22
Let q(i) be the first derivative of -9*i**2/2 - 11*i + 72. Let g be q(-4). What is the highest common factor of 10 and g?
5
Let q be (28350/(-360))/(9/(-24)). Calculate the greatest common factor of q and 4074.
42
Suppose 0 = 33*n - 24*n - 270. Let j = -67 + 217. What is the highest common divisor of j and n?
30
Suppose 12*v - 198 = v. Suppose 4*o - 28 = 2*d, -3*o + 6 + v = -3*d. Calculate the greatest common divisor of o and 24.
6
Let u be 4673/2 - (-7 - (-156)/24). What is the highest common divisor of 57 and u?
57
Let l be (-613800)/(-240) + (30/(-4))/3. Calculate the highest common divisor of l and 35.
35
Let i = -607 + 1012. Let s(j) = j**2 - 72*j - 370. Let q be s(77). What is the greatest common factor of q and i?
15
Let h be (-3 - -2)/((-3)/(-15) + 0). Let p be 14*h*(-8)/140. Suppose 0 = -2*j + x + 211, 3*j + 0*x - 311 = -p*x. What is the highest common divisor of j and 15?
15
Suppose -92*o + 86*o - 6 = 0. Let f be 1/1*(-85)/o. Calculate the greatest common divisor of f and 17.
17
Let b(a) = a + 15. Let n = 18 - 16. Let f be 2 + (-3 - -13) + n. Let h be b(f). Calculate the greatest common divisor of h and 29.
29
Let f = -5 + 2. Let p be (0 + 1)/(f/(-468)). Suppose 61*l - 1297 - 762 = 320. Calculate the highest common factor of l and p.
39
Let c(h) be the first derivative of 2/3*h**3 - 17 - 4*h - 2*h**2. Let k be c(-1). What is the highest common divisor of 10 and k?
2
Let x = 6738 - 6734. Calculate the highest common factor of x and 3424.
4
Suppose 5*p + 571 = 526, -3223 = -a - 5*p. What is the highest common factor of 172 and a?
172
Let q(c) = -c + 8*c**2 + c**3 + 4 + 2 + 0. Let u(d) = -91*d - 1191. Let w be u(-13). Let m be q(w). Calculate the greatest common factor of 21 and m.
7
Let k be ((-14)/(-2))/(9/6 - (-175)/(-118)). What is the greatest common factor of k and 1180?
59
Suppose 3*o = 2 + 7. Suppose -6*m + 2 = -10*m + 2*c, -m = o*c + 18. Let u be 35/3 + (-1)/m. Calculate the highest common factor of u and 9.
3
Let x = 153 - 151. Suppose x*j - 430 = -2*s, -5*j + 734 + 131 = 4*s. What is the greatest common factor of s and 42?
42
Let h(z) = -9*z - 3. Let s be h(-5). Let f be 49 + (482 - 11) - -5. Calculate the greatest common factor of s and f.
21
Let a = -6248 - -6449. Calculate the highest common divisor of 67 and a.
67
Let r be 0 + (395 - (7 + 16)). Calculate the highest common factor of r and 384.
12
Let x = 17743 + -17724. Let z be -19*6*(-3)/1. What is the greatest common divisor of z and x?
19
Suppose 0 = -5*b + 2*o + 318, -4*b = -o - 16 - 236. Calculate the highest common factor of 12834 and b.
62
Let k(y) = 2*y + 27. Let s be k(-14). Let v(h) = -5*h - 1. Let a be v(s). Let t be (-104)/39*(-18)/a. What is the greatest common divisor of 84 and t?
12
Suppose -5*f + 5*a = -25, -7*a = 2*f + 25 - 62. Let g be 2/(-4) + (-290)/(-4). What is the highest common divisor of g and f?
8
Let h(y) = -y**3 + 5*y**2 + 11*y + 24. Let x be h(7). Suppose -x*g + 7*g + 5*t = 213, -4*g + 4*t = -204. Calculate the greatest common divisor of 234 and g.
26
Suppose 2*n - 993 = 5*a, -5*a + 1010 = 4*n - 901. Let f be (44/(-5))/((-2)/10). Calculate the highest common factor of f and n.
44
Let p(c) = 266*c + 5070. Let v be p(-17). Calculate the highest common factor of v and 4.
4
Suppose 5*h = -20, -3*x - 4*h - 100 = -5*x. Let k(b) = 40*b - 4. Let s be k(1). Let r = s - 30. What is the greatest common divisor of x and r?
6
Let l(b) = 11*b + 2*b + 4*b**2 - 1 - 16*b + 4*b. Let a be l(1). What is the greatest common factor of a and 8?
4
Suppose -5*m - 2*w = -27, -4*m + m + 2*w = -13. Suppose -2*d = -4*q + 246, -q - m*d = -6*q + 315. What is the greatest common divisor of 240 and q?
60
Suppose -19*x + 4258 = 91 + 405. What is the highest common factor of 99 and x?
99
Let j(t) = -2*t**2 - 20*t + 2. Let w be j(-9). Let g be (w - 4) + (-15)/3. Calculate the highest common factor of 253 and g.
11
Let p = -362 + 387. Let k = -4 - -9. What is the highest common factor of k and p?
5
Let f be ((-10)/60)/(4/(-2424)). Let d = f + -47. Calculate the highest common divisor of d and 54.
54
Let x(k) = 3*k**3 - k**2 + 5*k - 17. Let q be x(3). Calculate the greatest common divisor of 392 and q.
14
Let r = -6262 - -6469. Calculate the greatest common divisor of 387 and r.
9
Suppose -10956 = 69*a - 86028. Calculate the highest common factor of a and 16.
16
Let s(m) = 27*m + 20. Suppose -3*h + 2 = -u, -h + 5*h - 3*u = -4. Let x be s(h). Let c = -59 + x. Calculate the highest common factor of c and 105.
15
Let t(i) = -2*i**3 + 8*i**2 + 100*i + 14. Let x be t(-7). Calculate the greatest common factor of x and 1008.
56
Let u(h) = 539*h**3 + 2*h**2 - 4*h + 2. Let p be u(1). Suppose -m - 1510 = -5*y - p, -5*m + 995 = 5*y. Calculate the greatest common factor of 15 and y.
15
Let r(y) = -y**3 - 29*y**2 - 77*y + 45. Let p be r(-25). Let z = p - -733. Calculate the greatest common factor of 14 and z.
7
Let w = -8541 + 9201. Calculate the greatest common divisor of w and 60.
60
Suppose 24 = 4*k - 8. Suppose 3*o = 5 + 10, -877 = -4*s - 5*o. Let q = -181 + s. Calculate the greatest common divisor of k and q.
8
Let w be -8 - (-52139)/221 - (-1)/13. What is the greatest common factor of w and 285?
57
Let a(w) be the second derivative of 5*w**4/12 + 7*w**3/6 - 26*w**2 - 2*w + 57. Let n be a(5). Calculate the greatest common divisor of 270 and n.
54
Let l(i) = 4*i - 3*i + 24 + 3*i. Let m be l(-6). Suppose -x + 28 + 20 = m. Calculate the highest common factor of x and 16.
16
Suppose -21*a + 1396 = -18*a - 5*p, -5*a + 5*p + 2320 = 0. Calculate the greatest common factor of 242 and a.
22
Supp